. Is k prime?
False
Let n(l) = -l**2 - l - 12. Let v be n(-5). Is ((-50872)/v)/(5/20) a prime number?
True
Suppose -c + 6 = -0. Let a be ((-16)/c)/((4/12)/1). Let i(g) = -4*g**3 + 2*g**2 - 17*g + 5. Is i(a) prime?
False
Suppose 4*a = -n + 2553206, -1047039 = -3*a - 4*n + 867846. Is a a composite number?
False
Suppose 4*f - 14 + 66 = 0. Let y(b) = -b**3 - 12*b**2 + 13*b + 31. Is y(f) prime?
True
Suppose 29*r - 8*r - 103530 = 0. Let t = r + -1931. Is t a composite number?
False
Suppose -6*n = -634 + 154. Suppose -4*l + k = 168, 0 = 3*l - 3*k + 55 + 62. Let a = l + n. Is a a composite number?
False
Let s be (50/(-3))/(-5 + (-91)/(-21)). Let l(o) = 443*o - 72. Is l(s) a prime number?
True
Let z(w) = -89095*w + 5736. Is z(-5) a composite number?
True
Let v = 79266 + 64091. Is v prime?
True
Suppose 71 = 4*k - b, 5*k + 5*b - 2*b = 76. Suppose 14*o = k*o - 441. Suppose -o = -3*c + 6*i - 3*i, i + 2 = 0. Is c prime?
True
Let n(y) = 4*y**2 - 2*y - 6. Let b be n(-3). Suppose -x - 3*x = p - 58, -3*p = -2*x + b. Let v(s) = -s**2 + 21*s - 11. Is v(x) a prime number?
True
Let d = -350 + 352. Suppose 2954 = d*w - 1712. Is w a prime number?
True
Let c(b) = 16*b**3 - 3*b**2 - 48*b - 54. Is c(17) composite?
False
Let t(c) = -c**3 + 43*c**2 - 17*c + 100. Let d be t(46). Let q = 15383 + d. Is q composite?
False
Let f(i) = 14*i + 81. Let q be f(-6). Is 168/(21/7) - q a prime number?
True
Let a = -30025 - -56255. Suppose l + 32*o = 31*o + 6556, -2*o = 4*l - a. Is l a composite number?
True
Suppose 12503605 - 32208537 = -7*h - z, -3*z = -3*h + 8444988. Is h a prime number?
True
Is ((-17078)/5*1)/(102/(-510)) prime?
False
Let d = 27 - 34. Let s(v) = -3*v**3 + 7*v**2 - 6*v + 6494. Let c(a) = 4*a**3 - 10*a**2 + 9*a - 9741. Let n(p) = d*s(p) - 5*c(p). Is n(0) prime?
False
Is ((-1)/(-2) + 1/(-6))*40281 composite?
True
Let b be (-42 + 41)/(1/(-5)). Suppose -79712 = -5*c + 3*s + 56655, -b*s = -c + 27291. Is c a prime number?
True
Suppose 165*z = 174*z. Suppose -10*p + 8*p + 2*d = -2790, z = 3*d - 12. Is p composite?
False
Let c(z) = -301*z + 3. Let v be c(-1). Let y = 542 - v. Suppose 0*i + 5*a = 2*i - 202, -2*i - 4*a + y = 0. Is i a composite number?
True
Let h = 5737 - 1966. Suppose 0 = 6*a - h + 1353. Is a a composite number?
True
Suppose -4*n + 5*l = -205326, 0 = -3*n + 3*l - 8*l + 153977. Is n prime?
True
Let r(t) be the second derivative of -t + 137/6*t**3 + 0 - 6*t**2. Is r(13) prime?
False
Suppose 5*p - 93670 = -5*r, 11*p - 5*r = 9*p + 37496. Let n = p + -9091. Is n prime?
False
Suppose -s - 2*s = -4*h + 35158, s + 35154 = 4*h. Suppose -4*o - 2990 = w - 11790, -h = -4*o - 4*w. Is o a prime number?
False
Let o = 150 - 179. Let s = 88 + o. Is s a composite number?
False
Let k(c) = c**2 + 11*c + 18. Let r be 2/(-5) + (774/15)/(-6). Let t be k(r). Suppose t = -5*n + 101 + 6209. Is n composite?
True
Suppose -3*w - 1 = -13, 2*v = -4*w - 62. Let n = 39 + v. Suppose -f - 3*l + 182 = n, f - 179 = -l - 3*l. Is f a composite number?
False
Let y = 172303 + 827128. Is y a composite number?
False
Let r(x) = 3238*x**2 - 273*x + 1613. Is r(6) composite?
True
Let p(r) = 3*r**2 + 3*r + 4. Let w be p(4). Is 3659*(w/(-8))/(-8) a prime number?
True
Is -15 + (-61)/(-4) + 1070515/4 prime?
True
Let t(b) = 17819*b + 238. Is t(5) a composite number?
True
Suppose 0 = -262*a - 31*a + 16291679. Is a prime?
True
Let v = 437 + -433. Suppose 5*r + 14697 = v*h + 4016, 4*r = 3*h - 8011. Is h prime?
False
Let w = -52184 - -79455. Is w prime?
True
Let q = -91376 + 224535. Is q composite?
True
Let s(o) be the third derivative of 3*o**5/10 - 5*o**4/12 - 5*o**3/2 + 15*o**2. Let r be s(-8). Let h = r - -518. Is h a prime number?
False
Let d(s) be the first derivative of 8*s**3/3 - s - 2. Let v = -553 + 562. Is d(v) prime?
True
Suppose 30*t + 23645411 = 37*t + 72*t. Is t composite?
True
Let t(d) = 1. Let q(v) = v + 8. Let r(n) = q(n) - 5*t(n). Let x be r(6). Suppose x*h + 3045 = 34464. Is h composite?
False
Let k = 32302 - 18250. Suppose 1641 - k = -9*o. Is o prime?
False
Let b(t) = 65*t**2 + 97*t + 949. Is b(37) a prime number?
True
Suppose -2*x + 44679 = -c, 2*c + 38247 = x - 51123. Is 1 + (-1 - c) - (151 + -147) a composite number?
False
Suppose 3*r = 7*r - 16. Suppose 2*o - 12522 = -r*o. Suppose u + 2*u - o = -4*s, -2*s + 1038 = -4*u. Is s composite?
False
Let o = -17 - -9. Let t be o/16 - 14/(-4). Suppose -t*u + 19 = -515. Is u prime?
False
Let m be 351/(-12) + (-3)/4. Let i be (25848/20)/((-12)/m). Is i + (-48)/8 + (1 - 3) a prime number?
False
Is (-4858)/(-1) - (-12 + 28 + -11) a prime number?
False
Let a = -141 + 111. Is (-12)/a*16570/4 a composite number?
False
Suppose -3*a + 25 = -3*b - 29, 2*a + b = 30. Suppose -40453 = -23*x + a*x. Is x composite?
False
Let l = -224 + 455. Suppose -5*h + d + 5428 = 0, -3*h + 2*d = -l - 3023. Suppose -j + h = j. Is j prime?
False
Let o be (-11 - -3747)*15/(-12). Let j = 21961 + o. Is j a prime number?
True
Is (-9755)/10*(-4)/2 prime?
True
Suppose 6*y + 15 - 27 = 0. Suppose -12*n - y*z = -11*n - 4629, 5*z - 13883 = -3*n. Is n a prime number?
True
Let l(x) = -x**3 - 47*x**2 + 51*x + 144. Let w be l(-48). Suppose w = -4*v - 8*y + 9*y + 6838, 0 = -4*v - 4*y + 6828. Is v a prime number?
True
Suppose -5*s = 28*a - 30*a + 29621, -2*a - 2*s + 29628 = 0. Is a composite?
False
Let v(s) = -s**3 + 19*s**2 + 2*s - 25. Suppose 4*g - 86 = 5*b, 4*g + 0*g = 3*b + 82. Let w be v(g). Suppose -12*l + w*l = 1497. Is l a composite number?
True
Is ((-483876)/24)/(57/(-76)) prime?
False
Let n(r) = 37*r + 643. Let o(x) = 13*x + 215. Let c(f) = 2*n(f) - 7*o(f). Is c(-18) prime?
False
Suppose -2*g = -r + 72865, r + 3*g - 63700 - 9150 = 0. Is r prime?
True
Suppose -u + 5*f = -351842, 221*u = 219*u - 3*f + 703567. Is u a composite number?
False
Suppose -4*u + 4*h - 17 + 5 = 0, -u = 2*h. Let q be (-4 + (-7)/u)*18. Let w(v) = 10*v**2 - 10*v - 5. Is w(q) prime?
False
Let m(p) = 4*p**3 + 5*p**2 - 5*p + 1. Let z be m(2). Suppose 9*o - 992 = 2707. Let s = z + o. Is s a composite number?
True
Is 1/(((-2)/(8/3))/((-77248785)/740)) a composite number?
False
Suppose 3*l + 5*d = -4 + 13, 4*d - 4 = -2*l. Is (-17)/l + 2 - (-126939)/152 a composite number?
True
Suppose 3*b + 5*b = 1536. Suppose -134 - b = -2*k. Suppose y = k - 17. Is y prime?
False
Let w = -33016 + 64863. Is w a composite number?
False
Suppose -34*r + 769323 = -683927 + 120824. Is r prime?
False
Let b be 3*(-1)/2*(-140)/(-30). Let f(v) = v**2 + 0*v - 2*v + 0*v + 14. Is f(b) a prime number?
False
Let p = 1291558 + -740279. Is p composite?
True
Let r(z) = -4*z**2 - z + 150989. Is r(0) a prime number?
True
Suppose -6*d = -5*i - 4729149, -d - i = -6*d + 3940948. Is d a prime number?
True
Let g(m) = 29*m**2 - 19*m + 11. Let w(j) = -j**3 - 7*j**2 - 9*j - 12. Let u be w(-6). Is g(u) composite?
False
Suppose 2*h = 2*v - 12 - 0, -4*h = 4. Suppose -v*p = -30246 - 3769. Is p a composite number?
False
Let l = -3811 - -6960. Suppose 2*q + 3*p - 6700 = -438, -3*p - l = -q. Is q composite?
False
Is (0 - 8/(-44)) + (-4 - (-3529998)/66) prime?
False
Suppose -47*a - 776884 = -s - 46*a, -2*a = -s + 776889. Is s prime?
True
Let k be ((-14)/(-4) - 0)*-2. Let o = k - -9. Suppose -o*x + 519 = h, -h + 3*h - 1033 = x. Is h a prime number?
False
Suppose -131837309 - 39487731 + 19372052 = -66*g. Is g prime?
False
Let j(u) = -7628*u - 23 + 3664*u + 1874*u. Is j(-3) a prime number?
True
Let o = 6546 + -5377. Is o composite?
True
Is (-1)/((-3)/(-57)*33/(-447249)) prime?
False
Let j be 4955 + -3 + -2*1/2. Let t = j + -2852. Is t composite?
False
Let a(c) = 5430*c**2 - 7*c + 17. Let u be a(2). Suppose -3*r + u - 4530 = 0. Is r a prime number?
False
Suppose 4*t + 2*p = 848953 - 32121, -12 = -2*p. Is t prime?
False
Suppose -3*a + 46743 = 15*f - 18*f, 0 = 2*a + f - 31168. Is a composite?
False
Let d be (-1698)/5*(-6120)/108. Let h be (d/(-1))/(15/(-5) + 2). Suppose -3*j = -5*w + h, -2*j - 5534 = -3*w + 6013. Is w a prime number?
True
Let x be 8/(-3)*54/(-72)*2. Suppose -14*j + 71094 = 4*r - 19*j, 17779 = r - x*j. Is r prime?
False
Suppose -4*u + 616936 + 201980 = -4*m, -16 = -4*m. Is u composite?
False
Let a be -6*1/(-6)*3. Suppose a*f = -0*f + 12, -2*j - 3*f + 20 = 0. Suppose -3*y = 3*u - 1572, -1 - 11 = -j*y. Is u a composite number?
False
Let f(z) = 739*z - 18. Let